571 a multiple of 41?
False
Is 322677226 a multiple of 41?
False
Is 14795030 a multiple of 7?
False
Is 20 a factor of 21127885?
False
Does 13 divide 185314530?
False
Is 784 a factor of 543442144?
True
Does 15 divide 65072713?
False
Is 236182708 a multiple of 206?
True
Is 62 a factor of 80782435?
False
Is 3 a factor of 5814895?
False
Is 506244164 a multiple of 62?
False
Is 21760112 a multiple of 22?
True
Does 3071 divide 2518186219?
True
Is 1831764543 a multiple of 19?
False
Does 65 divide 118858654?
False
Is 3756478287 a multiple of 597?
False
Is 2365 a factor of 2749449185?
False
Is 102263527 a multiple of 3?
False
Does 14 divide 2690102970?
False
Does 103 divide 30559482?
True
Is 410 a factor of 62850421?
False
Is 113647807 a multiple of 23?
True
Is 13566901 a multiple of 8?
False
Does 17 divide 353474455?
True
Does 5 divide 67042537?
False
Is 2678 a factor of 15092559?
False
Does 184 divide 155999432?
True
Is 118 a factor of 3053368?
True
Is 1153 a factor of 5952626537?
True
Is 47210156 a multiple of 125?
False
Is 22 a factor of 8909750365?
False
Is 125955676 a multiple of 1243?
True
Is 13697784 a multiple of 744?
True
Does 7 divide 173217653?
True
Does 146 divide 9673230?
True
Is 168157134 a multiple of 321?
True
Is 13577628 a multiple of 68?
True
Is 6225844 a multiple of 76?
True
Is 2501374661 a multiple of 32?
False
Is 1917 a factor of 111158648?
False
Is 3376050078 a multiple of 22?
False
Does 18 divide 3089809014?
False
Is 14 a factor of 1319418?
False
Is 26 a factor of 33631780?
True
Is 8 a factor of 46643152?
True
Does 406 divide 542457828?
False
Does 386 divide 157594510?
False
Is 251 a factor of 1104743402?
False
Does 29 divide 22287324?
False
Is 4046159 a multiple of 16?
False
Does 5999 divide 4837750714?
False
Is 71 a factor of 129050310?
True
Is 436570896 a multiple of 13164?
True
Does 8 divide 2256438?
False
Is 6935 even?
False
Is 613 a factor of 423322402?
False
Is 2649 a factor of 34368919?
False
Is 47230560 a multiple of 58?
True
Does 480 divide 16126011?
False
Is 89121060 a multiple of 252?
True
Is 457215717 a multiple of 49?
True
Does 219 divide 36057557?
False
Does 64 divide 46772800?
True
Is 14231500 a multiple of 16?
False
Does 756 divide 25989807?
False
Does 1563 divide 139367323?
False
Is 65 a factor of 15924090?
True
Is 104 a factor of 257481?
False
Is 2154 a factor of 1661813154?
True
Is 2 a factor of 6760846?
True
Does 32 divide 97132993?
False
Is 161639820 a multiple of 14?
False
Does 57 divide 141783361?
False
Is 858 a factor of 374318695?
False
Is 17532720 a multiple of 23?
False
Does 359 divide 4673555?
False
Is 1273 a factor of 112016362?
True
Is 43782 a multiple of 4?
False
Is 460593690 a multiple of 10?
True
Is 23 a factor of 967326378?
False
Is 1229 a factor of 3381677072?
True
Is 6609 a factor of 654528924?
True
Is 2819 a factor of 121245190?
True
Is 886414452 a multiple of 28?
True
Does 9004 divide 3461038556?
True
Is 136827184 a multiple of 52?
True
Is 40289281 a multiple of 161?
False
Does 28 divide 127556583?
False
Does 1509 divide 362706852?
False
Does 12 divide 188577312?
True
Is 81 a factor of 197170825?
False
Is 2356 a factor of 22909744?
True
Is 1374 a factor of 12627060?
True
Does 963 divide 110376171?
True
Is 969 a factor of 299975690?
False
Does 274 divide 682815444?
False
Is 231 a factor of 204217124?
False
Is 722486292 a multiple of 6?
True
Does 682 divide 67298396?
True
Is 1003668319 a multiple of 33?
False
Is 2265717556 a multiple of 9?
False
Is 174620076 a multiple of 43?
True
Is 17 a factor of 788263095?
False
Is 754 a factor of 170648296?
True
Is 1377816726 a multiple of 11?
True
Does 506 divide 289135484?
True
Does 63 divide 21611465?
False
Does 528 divide 110047609?
False
Is 1762336450 a multiple of 2172?
False
Is 150388032 a multiple of 498?
True
Does 5153 divide 1038973625?
True
Is 235470321 a multiple of 542?
False
Does 109 divide 19600469?
False
Does 37 divide 1662743?
True
Is 3 a factor of 820890?
True
Is 12 a factor of 124445656?
False
Does 9 divide 7632135?
True
Does 149 divide 72164872?
True
Is 80 a factor of 792610842?
False
Is 60920959 a multiple of 704?
False
Does 5971 divide 189457451?
False
Is 707 a factor of 87019681?
True
Is 7680 a factor of 2699986971?
False
Is 25716166 a multiple of 1227?
False
Is 67281828 a multiple of 159?
False
Is 5743 a factor of 1849923674?
True
Does 20 divide 826131284?
False
Is 92 a factor of 17977025?
False
Is 400 a factor of 23634800?
True
Does 912 divide 360120528?
True
Is 34838258 a multiple of 26?
True
Does 120 divide 600085482?
False
Is 7 a factor of 23705114?
False
Is 72654819 a multiple of 57?
False
Is 18 a factor of 2899780218?
True
Is 851 a factor of 107009846?
True
Is 181740696 a multiple of 6?
True
Does 323 divide 821596689?
True
Is 89 a factor of 402112146?
True
Is 626 a factor of 12395918?
False
Is 5157665027 a multiple of 43?
False
Is 321160706 a multiple of 334?
True
Is 157652417 a multiple of 3150?
False
Does 198 divide 105330456?
True
Is 1380379630 a multiple of 5110?
True
Does 1755 divide 133564275?
True
Is 12099181 a multiple of 49?
False
Does 1933 divide 1377784338?
False
Is 91869723 a multiple of 837?
False
Is 21631074 a multiple of 57?
False
Is 39 a factor of 32274645?
True
Does 130 divide 156187590?
True
Does 11 divide 4027109125?
False
Does 608 divide 112234731?
False
Does 24 divide 383039616?
True
Is 98723409 a multiple of 122?
False
Is 8811038 a multiple of 202?
True
Is 17939514 a multiple of 43?
True
Is 233 a factor of 9499663?
False
Is 1430 a factor of 197013042?
False
Does 15 divide 1040683200?
True
Is 216 a factor of 1756550232?
True
Does 235 divide 17021452?
False
Is 21206844 a multiple of 18?
True
Does 39 divide 38764405?
False
Is 9 a factor of 1733208399?
True
Does 60 divide 87000?
True
Is 558 a factor of 22060396?
False
Is 43604400 a multiple of 116?
True
Does 9 divide 419535585?
True
Does 28 divide 37558668?
True
Is 111 a factor of 2375238051?
True
Is 105 a factor of 24245340?
True
Is 70795869 a multiple of 555?
False
Does 77 divide 151561552?
False
Is 9 a factor of 116649540?
True
Does 12 divide 3253044?
True
Is 110663189 a multiple of 10?
False
Is 3963436531 a multiple of 871?
False
Does 645 divide 44080590?
True
Is 285 a factor of 77071232?
False
Is 3729 a factor of 41724427?
False
Is 1445660152 a multiple of 544?
False
Does 7 divide 21234682?
True
Is 4803335737 a multiple of 80?
False
Does 3 divide 79483127?
False
Does 317 divide 987377?
False
Does 1476 divide 871434678?
False
Is 804 a factor of 8720988?
True
Is 37 a factor of 34975832?
False
Is 75882590 a multiple of 35?
True
Does 3600 divide 73524854?
False
Is 2241075779 a multiple of 128?
False
Is 151 a factor of 87183927?
True
Is 2448722529 a multiple of 1060?
False
Is 689014348 a multiple of 12?
False
Is 327429732 a multiple of 21?
True
Is 14 a factor of 2024582?
True
Is 144822745 a multiple of 360?
False
Does 5 divide 11270916?
False
Is 1569 a factor of 2247368133?
True
Is 290108451 a multiple of 1205?
False
Is 14 a factor of 21404226?
False
Does 20 divide 30664458?
False
Is 308976183 a multiple of 12?
False
Is 852759615 a multiple of 3?
True
Does 23 divide 47145734?
False
Is 4797881 a multiple of 248?
False
Is 12 a factor of 30150389?
False
Is 8 a factor of 3219664?
True
Does 25 divide 245263682?
False
Does 975 divide 1042832439?
False
Is 134 a factor of 3323687189?
False
Is 165 a factor of 376573395?
True
Is 450947270 a multiple of 2414?
True
Does 283 divide 3668918047?
False
Does 70 divide 42667660?
True
Is 38176279 a multiple of 357?
False
Is 34 a factor of 126788992?
True
Is 165825 a multiple of 3?
True
Is 50703402 a multiple of 467?
False
Is 107 a factor of 408501604?
True
Is 30429238 a multiple of 2722?
True
Is 34 a factor of 54960490?
True
Does 9 divide 79226875?
False
Is 88 a factor of 39517456?
True
Is 1379666 a multiple of 5?
False
Does 109 divide 224578695?
True
Does 2448 divide 148333447?
False
Is 237 a factor of 1040947?
False
Is 2097810 a multiple of 234?
True
Is 4 a factor of 35265887?
False
Is 782 a factor of 28145744?
True
Does 35 divide 70073916?
False
Is 221651976 a multiple of 168?
True
Is 153313446 a multiple of 11?
True
Is 58 a factor of 106563758?
False
Is 801 a factor of 2261832?
False
Does 6 divide 45542544?
True
Is 131